actors of 154412.
2, 38603
List the prime factors of 1246.
2, 7, 89
What are the prime factors of 6359?
6359
List the prime factors of 34037.
101, 337
List the prime factors of 255.
3, 5, 17
What are the prime factors of 34866?
2, 3, 13, 149
What are the prime factors of 1023?
3, 11, 31
What are the prime factors of 87804?
2, 3, 271
List the prime factors of 8633.
89, 97
What are the prime factors of 5968?
2, 373
What are the prime factors of 1445?
5, 17
List the prime factors of 848.
2, 53
What are the prime factors of 143782?
2, 29, 37, 67
What are the prime factors of 921?
3, 307
List the prime factors of 6281.
11, 571
List the prime factors of 21136.
2, 1321
List the prime factors of 73912.
2, 9239
List the prime factors of 134.
2, 67
List the prime factors of 496.
2, 31
List the prime factors of 27183.
3, 13, 17, 41
What are the prime factors of 364?
2, 7, 13
What are the prime factors of 2326?
2, 1163
What are the prime factors of 89?
89
List the prime factors of 1277.
1277
List the prime factors of 2217.
3, 739
What are the prime factors of 18514?
2, 9257
What are the prime factors of 67414?
2, 37, 911
List the prime factors of 4170.
2, 3, 5, 139
What are the prime factors of 3553?
11, 17, 19
List the prime factors of 59.
59
List the prime factors of 36379.
7, 5197
What are the prime factors of 63919?
41, 1559
List the prime factors of 859.
859
List the prime factors of 7277.
19, 383
List the prime factors of 2959.
11, 269
What are the prime factors of 1875?
3, 5
List the prime factors of 1979.
1979
List the prime factors of 8430.
2, 3, 5, 281
List the prime factors of 1639.
11, 149
List the prime factors of 92367.
3, 11, 311
List the prime factors of 2199.
3, 733
What are the prime factors of 4929?
3, 31, 53
What are the prime factors of 1993?
1993
What are the prime factors of 56435?
5, 11287
What are the prime factors of 1539?
3, 19
What are the prime factors of 5024?
2, 157
List the prime factors of 20500.
2, 5, 41
What are the prime factors of 14549?
14549
What are the prime factors of 30852?
2, 3, 857
What are the prime factors of 117875?
5, 23, 41
What are the prime factors of 2670?
2, 3, 5, 89
What are the prime factors of 2068?
2, 11, 47
List the prime factors of 976.
2, 61
What are the prime factors of 4303?
13, 331
What are the prime factors of 99638?
2, 7, 11, 647
List the prime factors of 2882.
2, 11, 131
List the prime factors of 16243.
37, 439
List the prime factors of 24566.
2, 71, 173
List the prime factors of 1720.
2, 5, 43
List the prime factors of 14689.
37, 397
List the prime factors of 94454.
2, 83, 569
What are the prime factors of 11051?
43, 257
What are the prime factors of 9533?
9533
What are the prime factors of 511?
7, 73
What are the prime factors of 74574?
2, 3, 1381
What are the prime factors of 1159?
19, 61
List the prime factors of 376.
2, 47
List the prime factors of 43077.
3, 83, 173
List the prime factors of 180.
2, 3, 5
What are the prime factors of 11319?
3, 7, 11
List the prime factors of 1001.
7, 11, 13
List the prime factors of 18508.
2, 7, 661
List the prime factors of 2896.
2, 181
What are the prime factors of 13826?
2, 31, 223
What are the prime factors of 104123?
104123
What are the prime factors of 14136?
2, 3, 19, 31
What are the prime factors of 13680?
2, 3, 5, 19
List the prime factors of 411.
3, 137
What are the prime factors of 2888?
2, 19
What are the prime factors of 1567?
1567
List the prime factors of 4479.
3, 1493
List the prime factors of 1159.
19, 61
What are the prime factors of 6177?
3, 29, 71
List the prime factors of 57852.
2, 3, 1607
List the prime factors of 53039.
7, 7577
List the prime factors of 1338.
2, 3, 223
List the prime factors of 316.
2, 79
List the prime factors of 64760.
2, 5, 1619
What are the prime factors of 3891?
3, 1297
List the prime factors of 93012.
2, 3, 23, 337
List the prime factors of 176924.
2, 11, 4021
List the prime factors of 1743.
3, 7, 83
What are the prime factors of 2097?
3, 233
List the prime factors of 2022.
2, 3, 337
What are the prime factors of 8597?
8597
What are the prime factors of 1074?
2, 3, 179
What are the prime factors of 10933?
13, 29
What are the prime factors of 40385?
5, 41, 197
What are the prime factors of 117?
3, 13
List the prime factors of 113894.
2, 11, 31, 167
What are the prime factors of 6051?
3, 2017
List the prime factors of 376.
2, 47
What are the prime factors of 35690?
2, 5, 43, 83
What are the prime factors of 1383?
3, 461
List the prime factors of 56098.
2, 7, 4007
List the prime factors of 7.
7
What are the prime factors of 96543?
3, 17, 631
List the prime factors of 11655.
3, 5, 7, 37
What are the prime factors of 39553?
37, 1069
What are the prime factors of 1095?
3, 5, 73
What are the prime factors of 435?
3, 5, 29
List the prime factors of 25665.
3, 5, 29, 59
List the prime factors of 2407.
29, 83
List the prime factors of 13690.
2, 5, 37
What are the prime factors of 13580?
2, 5, 7, 97
List the prime factors of 1403.
23, 61
What are the prime factors of 878?
2, 439
What are the prime factors of 20848?
2, 1303
What are the prime factors of 391?
17, 23
List the prime factors of 9607.
13, 739
List the prime factors of 29462.
2, 14731
What are the prime factors of 2178?
2, 3, 11
What are the prime factors of 2635?
5, 17, 31
What are the prime factors of 10214?
2, 5107
What are the prime factors of 500?
2, 5
What are the prime factors of 1807?
13, 139
What are the prime factors of 38657?
29, 31, 43
What are the prime factors of 120589?
7, 23, 107
List the prime factors of 2488.
2, 311
List the prime factors of 2033.
19, 107
List the prime factors of 30751.
7, 23, 191
List the prime factors of 3243.
3, 23, 47
List the prime factors of 4066.
2, 19, 107
List the prime factors of 13398.
2, 3, 7, 11, 29
What are the prime factors of 335?
5, 67
List the prime factors of 87800.
2, 5, 439
What are the prime factors of 3942?
2, 3, 73
What are the prime factors of 6886?
2, 11, 313
What are the prime factors of 54973?
54973
List the prime factors of 35198.
2, 17599
List the prime factors of 37548.
2, 3, 7, 149
What are the prime factors of 12101?
12101
What are the prime factors of 790?
2, 5, 79
What are the prime factors of 5156?
2, 1289
List the prime factors of 53592.
2, 3, 7, 11, 29
What are the prime factors of 22945?
5, 13, 353
What are the prime factors of 2499?
3, 7, 17
List the prime factors of 21668.
2, 5417
List the prime factors of 6859.
19
List the prime factors of 1207.
17, 71
List the prime factors of 25823.
7, 17, 31
What are the prime factors of 14721?
3, 7, 701
What are the prime factors of 1677?
3, 13, 43
What are the prime factors of 4671?
3, 173
What are the prime factors of 61199?
19, 3221
List the prime factors of 918.
2, 3, 17
What are the prime factors of 16756?
2, 59, 71
What are the prime factors of 134489?
134489
List the prime factors of 35178.
2, 3, 11, 13, 41
List the prime factors of 51638.
2, 25819
What are the prime factors of 10516?
2, 11, 239
What are the prime factors of 40576?
2, 317
What are the prime factors of 2508?
2, 3, 11, 19
What are the prime factors of 6376?
2, 797
List the prime factors of 2118.
2, 3, 353
List the prime factors of 13658.
2, 6829
List the prime factors of 10249.
37, 277
What are the prime factors of 243?
3
What are the prime factors of 98208?
2, 3, 11, 31
What are the prime factors of 1367?
1367
List the prime factors of 124295.
5, 24859
List the prime factors of 1289.
1289
List the prime factors of 50940.
2, 3, 5, 283
What are the prime factors of 129052?
2, 7, 11, 419
List the prime factors of 171.
3, 19
What are the prime factors of 6859?
19
What are the prime factors of 1871?
1871
What are the prime factors of 14861?
7, 11, 193
List the prime factors of 2540.
2, 5, 127
What are the prime factors of 3148?
2, 787
List the prime factors of 1947.
3, 11, 59
What are the prime factors of 258?
2, 3, 43
What are the prime factors of 1577?
19, 83
List the prime factors of 199.
199
List the prime factors of 4962.
2, 3, 827
What are the prime factors of 4130?
2, 5, 7, 59
List the prime factors of 13359.
3, 61, 73
List the prime factors of 1089.
3, 11
What are the prime factors of 8510?
2, 5, 23, 37
What are the prime factors of 8800?
2, 5, 11
List the prime f